{"id":2,"date":"2023-05-22T10:16:58","date_gmt":"2023-05-22T10:16:58","guid":{"rendered":"http:\/\/www.mpu-erfolgreich-meistern.de\/?page_id=2"},"modified":"2023-05-23T14:35:42","modified_gmt":"2023-05-23T14:35:42","slug":"sample-page","status":"publish","type":"page","link":"https:\/\/www.mpu-erfolgreich-meistern.de\/","title":{"rendered":"Erfolgreich den F\u00fchrerschein sichern"},"content":{"rendered":"\n<figure class=\"wp-block-image size-full is-style-rounded\"><img fetchpriority=\"high\" decoding=\"async\" width=\"960\" height=\"636\" src=\"http:\/\/www.mpu-erfolgreich-meistern.de\/wp-content\/uploads\/2023\/05\/travel-72870_960_720.jpg\" alt=\"\" class=\"wp-image-44\" srcset=\"https:\/\/www.mpu-erfolgreich-meistern.de\/wp-content\/uploads\/2023\/05\/travel-72870_960_720.jpg 960w, https:\/\/www.mpu-erfolgreich-meistern.de\/wp-content\/uploads\/2023\/05\/travel-72870_960_720-300x199.jpg 300w, https:\/\/www.mpu-erfolgreich-meistern.de\/wp-content\/uploads\/2023\/05\/travel-72870_960_720-768x509.jpg 768w\" sizes=\"(max-width: 960px) 100vw, 960px\" \/><\/figure>\n\n\n\n<p>Eine <strong>Medizinisch<\/strong>&#8211;<strong>Psychologische-Untersuchung <\/strong>(<strong>MPU<\/strong>) ist eine Untersuchung in Deutschland, bei der die Fahreignung einer Person beurteilt wird. Sie wird von der Beh\u00f6rde angeordnet, wenn bestimmte Voraussetzungen erf\u00fcllt sind, wie zum Beispiel eine Trunkenheitsfahrt mit 1,6 Promille oder mehr. <\/p>\n\n\n\n<p>Die MPU besteht aus <strong>medizinischen <\/strong>Untersuchungen, <strong>psychologischen <\/strong>Tests und verkehrspsychologischen Gespr\u00e4chen. Ziel der MPU ist es, festzustellen, ob die Person die notwendige Fahreignung besitzt, keine Wiederholungsgefahr besteht und somit die Fahrerlaubnis zur\u00fcckerlangen kann<\/p>\n\n\n\n<blockquote class=\"wp-block-quote is-layout-flow wp-block-quote-is-layout-flow\">\n<p>Die Notwendigkeit eines MPU-Beraters besteht, wenn jemand professionelle Unterst\u00fctzung bei der Vorbereitung auf die Medizinisch-Psychologische Untersuchung (MPU) ben\u00f6tigt. Ein MPU-Berater kann helfen, andere auf die MPU vorzubereiten, indem er Rollenspiele, Praxisf\u00e4lle und ein individuelles Vorbereitungskonzept anbietet [<a href=\"https:\/\/www.alh-akademie.de\/ausbildungen\/mpu-beratung\">1<\/a>]. Es gibt verschiedene Ausbildungen zum MPU-Berater, die es Fachleuten erm\u00f6glichen, ihre Kenntnisse und F\u00e4higkeiten in diesem Bereich zu vertiefen [<a href=\"https:\/\/fh-bifo.de\/ausbildungen-seminare-kurse\/ausbildung-mpu-berater\/\">2<\/a>]. Die MPU besteht aus einem medizinischen Check, einem Leistungstest am Computer und einem psychologischen Gespr\u00e4ch, bei dem der Gutachter das Gespr\u00e4ch schriftlich dokumentiert [<a href=\"https:\/\/www.adac.de\/verkehr\/rund-um-den-fuehrerschein\/mpu\/ablauf\/\">3<\/a>]. (Quelle: Internet, Chatgbt)<\/p>\n\n\n\n<p><\/p>\n<\/blockquote>\n\n\n\n<p class=\"has-medium-font-size\" id=\"erfolgreich-meistern\"><strong>Rufe mich an oder kontaktiere mich via <mark style=\"background-color:rgba(0, 0, 0, 0)\" class=\"has-inline-color has-luminous-vivid-amber-color\">whatsapp <\/mark>und vereinbare ein kostenloses Erstgespr\u00e4ch<br><\/strong><br><strong>+ 49 162 9716887 <\/strong><br><br>Dein freundlicher MPU Vorbereiter<br>Frank Nettekoven<\/p>\n\n\n\n<p><a href=\"https:\/\/frank-nettekoven.de\/mpu-erfolgreich-meistern\/\">MPU erfolgreich meistern, Ihre MPU Vorbereitung mit Zufriedenheitsgarantie zum g\u00fcnstigen Pauschalpreis kostenloses Erstgespr\u00e4ch + 49 162 9716 887 whatsapp &#8211; Frank R. Nettekoven (frank-nettekoven.de)<\/a><\/p>\n\n\n\n<blockquote class=\"wp-block-quote is-layout-flow wp-block-quote-is-layout-flow\">\n<p>Besuche mich in <a rel=\"noreferrer noopener\" href=\"https:\/\/www.facebook.com\/profile.php?id=100063792620707\" target=\"_blank\">Facebook<\/a><\/p>\n<\/blockquote>\n\n\n\n<p><strong><a href=\"http:\/\/www.mpu-erfolgreich-meistern.de\/wp-admin\/post.php?post=57&amp;action=edit\" target=\"_blank\" rel=\"noreferrer noopener\">Impressum<\/a><\/strong><\/p>\n","protected":false},"excerpt":{"rendered":"<p>Eine Medizinisch&#8211;Psychologische-Untersuchung (MPU) ist eine Untersuchung in Deutschland, bei der die Fahreignung einer Person beurteilt wird. Sie wird von der Beh\u00f6rde angeordnet, wenn bestimmte Voraussetzungen erf\u00fcllt sind, wie zum Beispiel eine Trunkenheitsfahrt mit 1,6 Promille oder mehr. Die MPU besteht aus medizinischen Untersuchungen, psychologischen Tests und verkehrspsychologischen Gespr\u00e4chen. Ziel der MPU ist es, festzustellen, ob [&hellip;]<\/p>\n","protected":false},"author":1,"featured_media":44,"parent":0,"menu_order":0,"comment_status":"closed","ping_status":"open","template":"","meta":{"footnotes":""},"class_list":["post-2","page","type-page","status-publish","has-post-thumbnail","hentry"],"yoast_head":"<!-- This site is optimized with the Yoast SEO plugin v27.0 - https:\/\/yoast.com\/product\/yoast-seo-wordpress\/ -->\n<title>Erfolgreich den F\u00fchrerschein sichern - MPU erfolgreich meistern<\/title>\n<meta name=\"robots\" content=\"index, follow, max-snippet:-1, max-image-preview:large, max-video-preview:-1\" \/>\n<link rel=\"canonical\" href=\"http:\/\/www.mpu-erfolgreich-meistern.de\/\" \/>\n<meta property=\"og:locale\" content=\"de_DE\" \/>\n<meta property=\"og:type\" content=\"article\" \/>\n<meta property=\"og:title\" content=\"Erfolgreich den F\u00fchrerschein sichern - MPU erfolgreich meistern\" \/>\n<meta property=\"og:description\" content=\"Eine Medizinisch&#8211;Psychologische-Untersuchung (MPU) ist eine Untersuchung in Deutschland, bei der die Fahreignung einer Person beurteilt wird. Sie wird von der Beh\u00f6rde angeordnet, wenn bestimmte Voraussetzungen erf\u00fcllt sind, wie zum Beispiel eine Trunkenheitsfahrt mit 1,6 Promille oder mehr. Die MPU besteht aus medizinischen Untersuchungen, psychologischen Tests und verkehrspsychologischen Gespr\u00e4chen. Ziel der MPU ist es, festzustellen, ob [&hellip;]\" \/>\n<meta property=\"og:url\" content=\"http:\/\/www.mpu-erfolgreich-meistern.de\/\" \/>\n<meta property=\"og:site_name\" content=\"MPU erfolgreich meistern\" \/>\n<meta property=\"article:publisher\" content=\"https:\/\/www.facebook.com\/profile.php?id=100063792620707\" \/>\n<meta property=\"article:modified_time\" content=\"2023-05-23T14:35:42+00:00\" \/>\n<meta property=\"og:image\" content=\"http:\/\/www.mpu-erfolgreich-meistern.de\/wp-content\/uploads\/2023\/05\/travel-72870_960_720.jpg\" \/>\n\t<meta property=\"og:image:width\" content=\"960\" \/>\n\t<meta property=\"og:image:height\" content=\"636\" \/>\n\t<meta property=\"og:image:type\" content=\"image\/jpeg\" \/>\n<meta name=\"twitter:card\" content=\"summary_large_image\" \/>\n<meta name=\"twitter:label1\" content=\"Gesch\u00e4tzte Lesezeit\" \/>\n\t<meta name=\"twitter:data1\" content=\"2\u00a0Minuten\" \/>\n<script type=\"application\/ld+json\" class=\"yoast-schema-graph\">{\"@context\":\"https:\/\/schema.org\",\"@graph\":[{\"@type\":\"WebPage\",\"@id\":\"http:\/\/www.mpu-erfolgreich-meistern.de\/\",\"url\":\"http:\/\/www.mpu-erfolgreich-meistern.de\/\",\"name\":\"Erfolgreich den F\u00fchrerschein sichern - MPU erfolgreich meistern\",\"isPartOf\":{\"@id\":\"http:\/\/www.mpu-erfolgreich-meistern.de\/#website\"},\"primaryImageOfPage\":{\"@id\":\"http:\/\/www.mpu-erfolgreich-meistern.de\/#primaryimage\"},\"image\":{\"@id\":\"http:\/\/www.mpu-erfolgreich-meistern.de\/#primaryimage\"},\"thumbnailUrl\":\"https:\/\/www.mpu-erfolgreich-meistern.de\/wp-content\/uploads\/2023\/05\/travel-72870_960_720.jpg\",\"datePublished\":\"2023-05-22T10:16:58+00:00\",\"dateModified\":\"2023-05-23T14:35:42+00:00\",\"breadcrumb\":{\"@id\":\"http:\/\/www.mpu-erfolgreich-meistern.de\/#breadcrumb\"},\"inLanguage\":\"de\",\"potentialAction\":[{\"@type\":\"ReadAction\",\"target\":[\"http:\/\/www.mpu-erfolgreich-meistern.de\/\"]}]},{\"@type\":\"ImageObject\",\"inLanguage\":\"de\",\"@id\":\"http:\/\/www.mpu-erfolgreich-meistern.de\/#primaryimage\",\"url\":\"https:\/\/www.mpu-erfolgreich-meistern.de\/wp-content\/uploads\/2023\/05\/travel-72870_960_720.jpg\",\"contentUrl\":\"https:\/\/www.mpu-erfolgreich-meistern.de\/wp-content\/uploads\/2023\/05\/travel-72870_960_720.jpg\",\"width\":960,\"height\":636},{\"@type\":\"BreadcrumbList\",\"@id\":\"http:\/\/www.mpu-erfolgreich-meistern.de\/#breadcrumb\",\"itemListElement\":[{\"@type\":\"ListItem\",\"position\":1,\"name\":\"Startseite\",\"item\":\"http:\/\/www.mpu-erfolgreich-meistern.de\/\"},{\"@type\":\"ListItem\",\"position\":2,\"name\":\"Erfolgreich den F\u00fchrerschein sichern\"}]},{\"@type\":\"WebSite\",\"@id\":\"http:\/\/www.mpu-erfolgreich-meistern.de\/#website\",\"url\":\"http:\/\/www.mpu-erfolgreich-meistern.de\/\",\"name\":\"MPU erfolgreich meistern\",\"description\":\"Zeisparende MPU Vorbereitung\",\"publisher\":{\"@id\":\"http:\/\/www.mpu-erfolgreich-meistern.de\/#organization\"},\"potentialAction\":[{\"@type\":\"SearchAction\",\"target\":{\"@type\":\"EntryPoint\",\"urlTemplate\":\"http:\/\/www.mpu-erfolgreich-meistern.de\/?s={search_term_string}\"},\"query-input\":{\"@type\":\"PropertyValueSpecification\",\"valueRequired\":true,\"valueName\":\"search_term_string\"}}],\"inLanguage\":\"de\"},{\"@type\":\"Organization\",\"@id\":\"http:\/\/www.mpu-erfolgreich-meistern.de\/#organization\",\"name\":\"MPU erfolgreich meistern\",\"url\":\"http:\/\/www.mpu-erfolgreich-meistern.de\/\",\"logo\":{\"@type\":\"ImageObject\",\"inLanguage\":\"de\",\"@id\":\"http:\/\/www.mpu-erfolgreich-meistern.de\/#\/schema\/logo\/image\/\",\"url\":\"http:\/\/www.mpu-erfolgreich-meistern.de\/wp-content\/uploads\/2023\/05\/travel-72870_960_720.jpg\",\"contentUrl\":\"http:\/\/www.mpu-erfolgreich-meistern.de\/wp-content\/uploads\/2023\/05\/travel-72870_960_720.jpg\",\"width\":960,\"height\":636,\"caption\":\"MPU erfolgreich meistern\"},\"image\":{\"@id\":\"http:\/\/www.mpu-erfolgreich-meistern.de\/#\/schema\/logo\/image\/\"},\"sameAs\":[\"https:\/\/www.facebook.com\/profile.php?id=100063792620707\"]}]}<\/script>\n<!-- \/ Yoast SEO plugin. -->","yoast_head_json":{"title":"Erfolgreich den F\u00fchrerschein sichern - MPU erfolgreich meistern","robots":{"index":"index","follow":"follow","max-snippet":"max-snippet:-1","max-image-preview":"max-image-preview:large","max-video-preview":"max-video-preview:-1"},"canonical":"http:\/\/www.mpu-erfolgreich-meistern.de\/","og_locale":"de_DE","og_type":"article","og_title":"Erfolgreich den F\u00fchrerschein sichern - MPU erfolgreich meistern","og_description":"Eine Medizinisch&#8211;Psychologische-Untersuchung (MPU) ist eine Untersuchung in Deutschland, bei der die Fahreignung einer Person beurteilt wird. Sie wird von der Beh\u00f6rde angeordnet, wenn bestimmte Voraussetzungen erf\u00fcllt sind, wie zum Beispiel eine Trunkenheitsfahrt mit 1,6 Promille oder mehr. Die MPU besteht aus medizinischen Untersuchungen, psychologischen Tests und verkehrspsychologischen Gespr\u00e4chen. Ziel der MPU ist es, festzustellen, ob [&hellip;]","og_url":"http:\/\/www.mpu-erfolgreich-meistern.de\/","og_site_name":"MPU erfolgreich meistern","article_publisher":"https:\/\/www.facebook.com\/profile.php?id=100063792620707","article_modified_time":"2023-05-23T14:35:42+00:00","og_image":[{"width":960,"height":636,"url":"http:\/\/www.mpu-erfolgreich-meistern.de\/wp-content\/uploads\/2023\/05\/travel-72870_960_720.jpg","type":"image\/jpeg"}],"twitter_card":"summary_large_image","twitter_misc":{"Gesch\u00e4tzte Lesezeit":"2\u00a0Minuten"},"schema":{"@context":"https:\/\/schema.org","@graph":[{"@type":"WebPage","@id":"http:\/\/www.mpu-erfolgreich-meistern.de\/","url":"http:\/\/www.mpu-erfolgreich-meistern.de\/","name":"Erfolgreich den F\u00fchrerschein sichern - MPU erfolgreich meistern","isPartOf":{"@id":"http:\/\/www.mpu-erfolgreich-meistern.de\/#website"},"primaryImageOfPage":{"@id":"http:\/\/www.mpu-erfolgreich-meistern.de\/#primaryimage"},"image":{"@id":"http:\/\/www.mpu-erfolgreich-meistern.de\/#primaryimage"},"thumbnailUrl":"https:\/\/www.mpu-erfolgreich-meistern.de\/wp-content\/uploads\/2023\/05\/travel-72870_960_720.jpg","datePublished":"2023-05-22T10:16:58+00:00","dateModified":"2023-05-23T14:35:42+00:00","breadcrumb":{"@id":"http:\/\/www.mpu-erfolgreich-meistern.de\/#breadcrumb"},"inLanguage":"de","potentialAction":[{"@type":"ReadAction","target":["http:\/\/www.mpu-erfolgreich-meistern.de\/"]}]},{"@type":"ImageObject","inLanguage":"de","@id":"http:\/\/www.mpu-erfolgreich-meistern.de\/#primaryimage","url":"https:\/\/www.mpu-erfolgreich-meistern.de\/wp-content\/uploads\/2023\/05\/travel-72870_960_720.jpg","contentUrl":"https:\/\/www.mpu-erfolgreich-meistern.de\/wp-content\/uploads\/2023\/05\/travel-72870_960_720.jpg","width":960,"height":636},{"@type":"BreadcrumbList","@id":"http:\/\/www.mpu-erfolgreich-meistern.de\/#breadcrumb","itemListElement":[{"@type":"ListItem","position":1,"name":"Startseite","item":"http:\/\/www.mpu-erfolgreich-meistern.de\/"},{"@type":"ListItem","position":2,"name":"Erfolgreich den F\u00fchrerschein sichern"}]},{"@type":"WebSite","@id":"http:\/\/www.mpu-erfolgreich-meistern.de\/#website","url":"http:\/\/www.mpu-erfolgreich-meistern.de\/","name":"MPU erfolgreich meistern","description":"Zeisparende MPU Vorbereitung","publisher":{"@id":"http:\/\/www.mpu-erfolgreich-meistern.de\/#organization"},"potentialAction":[{"@type":"SearchAction","target":{"@type":"EntryPoint","urlTemplate":"http:\/\/www.mpu-erfolgreich-meistern.de\/?s={search_term_string}"},"query-input":{"@type":"PropertyValueSpecification","valueRequired":true,"valueName":"search_term_string"}}],"inLanguage":"de"},{"@type":"Organization","@id":"http:\/\/www.mpu-erfolgreich-meistern.de\/#organization","name":"MPU erfolgreich meistern","url":"http:\/\/www.mpu-erfolgreich-meistern.de\/","logo":{"@type":"ImageObject","inLanguage":"de","@id":"http:\/\/www.mpu-erfolgreich-meistern.de\/#\/schema\/logo\/image\/","url":"http:\/\/www.mpu-erfolgreich-meistern.de\/wp-content\/uploads\/2023\/05\/travel-72870_960_720.jpg","contentUrl":"http:\/\/www.mpu-erfolgreich-meistern.de\/wp-content\/uploads\/2023\/05\/travel-72870_960_720.jpg","width":960,"height":636,"caption":"MPU erfolgreich meistern"},"image":{"@id":"http:\/\/www.mpu-erfolgreich-meistern.de\/#\/schema\/logo\/image\/"},"sameAs":["https:\/\/www.facebook.com\/profile.php?id=100063792620707"]}]}},"_links":{"self":[{"href":"https:\/\/www.mpu-erfolgreich-meistern.de\/index.php?rest_route=\/wp\/v2\/pages\/2","targetHints":{"allow":["GET"]}}],"collection":[{"href":"https:\/\/www.mpu-erfolgreich-meistern.de\/index.php?rest_route=\/wp\/v2\/pages"}],"about":[{"href":"https:\/\/www.mpu-erfolgreich-meistern.de\/index.php?rest_route=\/wp\/v2\/types\/page"}],"author":[{"embeddable":true,"href":"https:\/\/www.mpu-erfolgreich-meistern.de\/index.php?rest_route=\/wp\/v2\/users\/1"}],"replies":[{"embeddable":true,"href":"https:\/\/www.mpu-erfolgreich-meistern.de\/index.php?rest_route=%2Fwp%2Fv2%2Fcomments&post=2"}],"version-history":[{"count":13,"href":"https:\/\/www.mpu-erfolgreich-meistern.de\/index.php?rest_route=\/wp\/v2\/pages\/2\/revisions"}],"predecessor-version":[{"id":63,"href":"https:\/\/www.mpu-erfolgreich-meistern.de\/index.php?rest_route=\/wp\/v2\/pages\/2\/revisions\/63"}],"wp:featuredmedia":[{"embeddable":true,"href":"https:\/\/www.mpu-erfolgreich-meistern.de\/index.php?rest_route=\/wp\/v2\/media\/44"}],"wp:attachment":[{"href":"https:\/\/www.mpu-erfolgreich-meistern.de\/index.php?rest_route=%2Fwp%2Fv2%2Fmedia&parent=2"}],"curies":[{"name":"wp","href":"https:\/\/api.w.org\/{rel}","templated":true}]}}